rime number?
False
Let v = -5 - -11. Suppose 5*j - 4*p + 46154 = 0, -4*p + 39 - 15 = 0. Is v/(-10) - (1 - j/(-10)) composite?
True
Is (11097498/(-4))/(-17)*((-35)/15 + 3) a prime number?
True
Suppose -2 = -5*c + 48. Suppose c*s = 3*s - 6237. Let w = s - -1568. Is w prime?
True
Suppose 4034557 = -95*m + 100*m - 4*u, -5*m + 2*u + 4034551 = 0. Is m composite?
True
Let l(n) = n**3 + 27*n**2 - 27*n - 33. Let s be l(-32). Let h = s + 6684. Is h a composite number?
True
Let j(y) = 646*y**2 - 27*y - 152. Is j(-10) a composite number?
True
Let k = -264 + 148. Let o = k - -230. Suppose 0 = 4*u - o - 214. Is u a composite number?
True
Suppose -10*g + 2588004 + 2168366 = 0. Is g prime?
True
Let h = 44237 + 64094. Is h composite?
True
Let c = -12456 - -6822. Let n = c + 11225. Is n composite?
False
Let c = -275 - -294. Suppose 0 = 6*p - c*p + 14963. Is p a composite number?
False
Let c = -229 + 3389. Let q = c - -1967. Is q a prime number?
False
Let m(l) = 2707*l**3 - 5*l**2 - 11*l + 43. Is m(6) a prime number?
True
Let r = -171 + 166. Is 2566*r/(-10) - 1 a composite number?
True
Let c(q) = 134*q**2 + 10*q - 49. Let r(d) = 404*d**2 + 29*d - 148. Let a(y) = 7*c(y) - 2*r(y). Is a(-12) a prime number?
False
Suppose 5*y = 0, -22*w + 41*w + 82617 = 22*w - 4*y. Is w a prime number?
True
Suppose 292 = -2*y + 280. Let d(r) = -718*r + 109. Is d(y) prime?
False
Let u(m) = -m**2 + 15*m - 13. Let j be u(6). Let d = -50 + j. Is (33/d + 4)*1749 a composite number?
True
Let s be ((-5)/6)/5 + (-70995)/(-18). Let x = 13125 - s. Is x composite?
False
Let d(q) = 1664*q**3 - 8*q**2 + 4*q + 61. Is d(7) a composite number?
True
Let a be (-2)/13 - 66525/(-195). Suppose 0 = -8*b - 61 + a. Is b composite?
True
Let t be (-3)/((-12)/(-1052))*-20. Suppose -4*i - 2898 - t = -3*k, 0 = -4*k - 4*i + 10896. Is k a composite number?
True
Let c(r) = 5322*r**2 - 2*r - 3. Let l(z) = -10644*z**2 + 3*z + 6. Let t(m) = -5*c(m) - 3*l(m). Is t(2) prime?
False
Let s = 9 - 4. Suppose 2*w + s + 12 = -5*n, 25 = -5*n. Is 14/4*95 - 6/w a prime number?
True
Suppose -626077 = -2*d + 126669. Is d prime?
True
Suppose 2*q - 2745 = 3*w, q + 2*w = 6*w + 1375. Let t = -620 + q. Is t a prime number?
True
Let n(r) = r**2 + 10*r - 1. Let y be n(-10). Let q be -1 + (y - -2) - -729. Let t = q + -170. Is t composite?
True
Let l = 54 - 45. Suppose 2*f + l - 17 = 0. Is 67 + f + -1 - -4 prime?
False
Let m = -21181 - -51804. Is m prime?
False
Let n(c) = -3*c**2 - 26*c - 12. Let k be n(-7). Suppose 2*u + 0*q - k = -5*q, -3*q + 39 = 4*u. Is (u/(-6))/((-25625)/(-6410) + -4) a composite number?
False
Let d = 10621 - 9832. Let q(m) = m**3 - 10*m**2 - 6*m + 8. Let o be q(-6). Let x = d + o. Is x composite?
False
Let r(u) = 22*u - 19*u**2 + 50 - 12*u**2 + 66*u**2 - 19*u**2 - 17*u**2. Is r(9) a prime number?
True
Suppose -2*i = 5*g - 265664, 265652 = 2*i - 19*g + 22*g. Is i prime?
True
Suppose l - 64237 = w, -321149 = -5*l + 23*w - 24*w. Is l composite?
False
Let k(b) = -3*b**2 - 35*b + 86. Let u(h) = -2*h**2 - 23*h + 57. Let g(j) = 5*k(j) - 8*u(j). Let y be g(-12). Suppose y*c + c = 4191. Is c composite?
True
Let w = 84838 + -22733. Is w composite?
True
Let w(v) = -12*v**3 + 16*v**2 - 49*v - 476. Is w(-23) a prime number?
True
Let p(o) = -5*o**3 + 3*o**2 - o - 4. Let y(r) be the second derivative of r**5/20 - r**4/12 + r**2/2 + 12*r. Let w(d) = p(d) + 6*y(d). Is w(4) composite?
True
Let d = -19 + 81. Suppose 5*q - o = o + 14, 4*q - 4*o = 16. Suppose q*f = -d + 200. Is f prime?
False
Let x(b) = 35 - 244*b - 1120*b - 453*b. Is x(-6) composite?
False
Suppose -32 = 15*q - 19*q. Suppose -3*a = 2*h - 26, 3*a - 5*h = a - q. Suppose -a*b + 1055 = -b. Is b prime?
True
Suppose l + 7 = 5, 0 = 4*n - 3*l - 1398. Suppose 0 = -4*z - c - 739, 0 = -3*c + 3. Let r = z + n. Is r a prime number?
True
Suppose -2*u + 18883 = -5*n, -6 = -3*u + 6. Let y = -494 - n. Let v = y + -2064. Is v a composite number?
False
Suppose 8*m = 2*m + 23724. Let q = -7969 + m. Let y = -2756 - q. Is y composite?
False
Let u be (6/4)/((-31)/(-62)). Suppose -8*i + 4*z = -6*i - 328, -4*i = -u*z - 641. Is i a prime number?
False
Suppose 565*t - 547*t - 420786 = 0. Is t prime?
False
Let k = -27 - -19. Let q be k/(-12)*6093/2. Let r = q + -1244. Is r a composite number?
False
Suppose 0 = -3*p - 3*s + 57, -4*p + 0*p + 92 = -4*s. Let c(u) = -8*u + 3*u**3 + 59 + p*u - 2*u**3 - 14*u. Is c(0) a prime number?
True
Let m(l) = 14*l - 34. Let c be m(3). Suppose -13*f + c*f = -5*a + 25185, -4*f + 8 = 0. Is a a prime number?
True
Let w = 6999 + -3325. Suppose 5*i - 3675 = -5*x, 5 = 5*i + 4*x - w. Is i a composite number?
False
Let n = 4475 - 1596. Is n a composite number?
False
Let n(k) = k**3 + k**2 - k - 1. Let d(u) = -18*u**3 - u**2 - 9*u + 41. Let t(l) = -d(l) - 3*n(l). Is t(5) prime?
True
Let n(a) = 15 + 18*a + 730*a**2 - 62*a**2 - 210*a**2. Is n(-4) a composite number?
True
Suppose 0*m = -38*m + 2539958. Is m composite?
False
Is 84/9*(-337638)/(-56) prime?
False
Is -5 - (-609)/119 - (-42672)/272 a prime number?
True
Let v(l) = 533*l**3 - l**2 + 8*l + 3. Is v(5) composite?
False
Let u be (-3337)/(-4) + (-3)/12. Suppose -5*h + 2*g - 2919 = 0, -2*g - 1158 = 2*h + 2*g. Let m = h + u. Is m composite?
False
Is -1 - ((-5)/(-10) - 1926555/30) prime?
True
Let m = -51 - -496. Suppose -94 = 4*a - 106. Suppose a*c - m = 5*l + 8136, 4*l - 8617 = -3*c. Is c composite?
True
Suppose -5089 = 45*p + 581. Let c = 619 + p. Is c a composite number?
True
Let a(n) = 141 + 276*n - 212*n - 56. Is a(11) a composite number?
True
Let v = -29 - -21. Let s(h) = -335*h + 147. Is s(v) composite?
True
Suppose 0 = -5*x - 5*j + 30, 5*x - 4*j = -17 + 65. Is (157*-3)/(7 - x) a composite number?
True
Suppose 0 = 5*b + 5*n - 15, 2*b + n = -4*n. Suppose -3*x + b*m = -20317, 5*x - 33903 = -5*m + 3*m. Is x a composite number?
False
Let m = 258 + -113. Let s = 823 + -337. Let v = m + s. Is v composite?
False
Suppose 30*h = -0*h - 222360. Is h/(-5 + 1) - 6 a prime number?
True
Let m = -247571 + 493774. Is m prime?
True
Let o(g) = 38*g**2 - 526*g + 157. Is o(-66) a composite number?
False
Suppose 4*g - 137 = -585. Let q be (3 - 6/4)/(12/g). Is q/(-49) + 2950/14 composite?
False
Let i(r) = -793*r - 850. Is i(-87) composite?
False
Let c = 55670 - -188099. Is c a prime number?
True
Let p = 33 + -24. Suppose -p = -s - 2*s, 2*k + 4*s = 16. Is -87*5/k*8/(-30) composite?
True
Let v = -225 - -219. Is (2 - (-10)/v) + (-41776)/(-24) a prime number?
True
Let i(u) = u**2 + 15*u. Let z be i(-15). Suppose 2*q + z*q = -2*a - 62, -4*q = -5*a - 182. Let y = 128 + a. Is y a prime number?
False
Let i = 250524 - 133867. Is i a prime number?
True
Suppose -2*n + 56 = 2*n - 2*t, 0 = n + 3*t. Suppose 279 = 3*h + n. Is h prime?
True
Let o(s) = -s**3 + 4*s**2 - 4*s - 3. Let w = 39 - 32. Let n(u) = u - 11. Let a be n(w). Is o(a) composite?
True
Suppose -2*d = -21*d - 418. Let m(k) = -241*k - 139. Is m(d) a composite number?
True
Let v = 1010324 + -324967. Is v a composite number?
True
Suppose -449536 = 5*r - 3542951. Is r a prime number?
False
Suppose -2*g - 12097 = -2*q - 7*g, 5*q - 30185 = -g. Let n = q + 2477. Is n composite?
False
Let k be -1 - 8*(0 - 3). Let h = k - 25. Is 2*h*177/(-12) prime?
True
Let n = 146 + -158. Is (-41023)/(-19) - n/(-114) a composite number?
True
Let z = 7284 + -12194. Let m = 12193 + z. Is m composite?
False
Is (-12 - (-3222150)/15)/2 prime?
False
Suppose -10*v + 21*v = 761497. Suppose 0 = -23*m + 239818 - v. Is m composite?
False
Let p be (-45)/(-15) - (-138)/(-9)*3. Let h = 3080 + p. Is h prime?
True
Let s(o) = -29*o**2 + 4*o - 76. Let t be s(-9). Let g = t + 3612. Is g a prime number?
True
Suppose -2*v + 0*v + 7498602 = 16*v. Is v a prime number?
False
Suppose 0 = -3*r + 1 - 7, -4*r + 11436 = -4*u. Let x = -802 - u. Is x prime?
False
Let g(b) = -6714*b + 4289. Is g(-21) a prime number?
True
Suppose -1137 = 5*d + t, -4*d - 2*t = -7*t + 898. Let n = d - -3738. Is n composite?
False
Let v(w) = w**2 - 25*w + 43. Let o be v(-10). Suppose -o = 2*b - 8363. Is b a composite number?
True
Suppose -6*j + 2613 = -3*j. Let u = j - 12. Let g = -24 + u. Is g a composite number?
True
Suppose 4*b + 0 = -8. Let h be ((-8)/5)/2*(16 + -11). Is (1115/(-10))/(b + (-6)/h) a prime number?
True
Let f = -58760 + 84199. Is f prime?
True
Le